{"id":4152,"date":"2026-03-01T06:50:58","date_gmt":"2026-03-01T05:50:58","guid":{"rendered":"https:\/\/mosaik-holzendorf.de\/?page_id=4152"},"modified":"2026-03-01T06:50:58","modified_gmt":"2026-03-01T05:50:58","slug":"neujahrsturnier-der-mosaik-schule","status":"publish","type":"page","link":"https:\/\/mosaik-holzendorf.de\/index.php\/neujahrsturnier-der-mosaik-schule\/","title":{"rendered":"Neujahrsturnier der MOSAIK-Schule"},"content":{"rendered":"<p>Zum Start ins neue Jahr richtete die MOSAIK-Schule ein Neujahrsturnier aus. Zu Gast war die Grundschule Pappelhain, deren Sch\u00fclerinnen und Sch\u00fcler gemeinsam mit den Teams der MOSAIK-Schule in der Turnhalle gegeneinander antraten. Gespielt wurde ausschlie\u00dflich Zweifelderball, was f\u00fcr einen klar strukturierten und fairen Wettkampf sorgte.Beide Schulen hatten sich wochenlang auf das Turnier vorbereitet. Dies zeigte sich in spannenden Spielen, bei denen die Teams gro\u00dfen Einsatz, schnelle Reaktionen und gutes Zusammenspiel bewiesen. Fairness und gegenseitiger Respekt standen w\u00e4hrend des gesamten Turniers im Vordergrund. F\u00fcr zus\u00e4tzliche Motivation sorgten die Zuschauerinnen und Zuschauer, die ihre Teams lautstark und mit selbst gestalteten Plakaten anfeuerten. Die unterst\u00fctzende Atmosph\u00e4re trug zu vielen packenden Momenten bei. Am Ende wurden die Punkte aller Spiele zusammengez\u00e4hlt. Die <strong>Grundschule Pappelhain<\/strong> erreichte die h\u00f6chste Gesamtpunktezahl und gewann den Mosi-Pokal, der nun f\u00fcr ein Jahr in der Grundschule verbleibt. Herzlichen Gl\u00fcckwunsch! Das Neujahrsturnier war ein gelungener sportlicher Auftakt. Wir fiebern der Revanche in 2027 entgegen.<\/p>\n\n\t\t<style type=\"text\/css\">\n\t\t\t#gallery-1 {\n\t\t\t\tmargin: auto;\n\t\t\t}\n\t\t\t#gallery-1 .gallery-item {\n\t\t\t\tfloat: left;\n\t\t\t\tmargin-top: 10px;\n\t\t\t\ttext-align: center;\n\t\t\t\twidth: 33%;\n\t\t\t}\n\t\t\t#gallery-1 img {\n\t\t\t\tborder: 2px solid #cfcfcf;\n\t\t\t}\n\t\t\t#gallery-1 .gallery-caption {\n\t\t\t\tmargin-left: 0;\n\t\t\t}\n\t\t\t\/* see gallery_shortcode() in wp-includes\/media.php *\/\n\t\t<\/style>\n\t\t<div id='gallery-1' class='gallery galleryid-4152 gallery-columns-3 gallery-size-thumbnail'><dl class='gallery-item'>\n\t\t\t<dt class='gallery-icon landscape'>\n\t\t\t\t<a data-rel=\"iLightbox[postimages]\" data-title=\"Neujahresturnier (3)\" data-caption=\"\" href='https:\/\/mosaik-holzendorf.de\/neujahresturnier-3-2\/'><img decoding=\"async\" width=\"150\" height=\"150\" src=\"https:\/\/mosaik-holzendorf.de\/wp-content\/uploads\/2026\/03\/Neujahresturnier-3-1-150x150.jpg\" class=\"attachment-thumbnail size-thumbnail\" alt=\"\" srcset=\"https:\/\/mosaik-holzendorf.de\/wp-content\/uploads\/2026\/03\/Neujahresturnier-3-1-66x66.jpg 66w, https:\/\/mosaik-holzendorf.de\/wp-content\/uploads\/2026\/03\/Neujahresturnier-3-1-150x150.jpg 150w\" sizes=\"(max-width: 150px) 100vw, 150px\" \/><\/a>\n\t\t\t<\/dt><\/dl><dl class='gallery-item'>\n\t\t\t<dt class='gallery-icon landscape'>\n\t\t\t\t<a data-rel=\"iLightbox[postimages]\" data-title=\"Neujahresturnier (2)\" data-caption=\"\" href='https:\/\/mosaik-holzendorf.de\/neujahresturnier-2-2\/'><img decoding=\"async\" width=\"150\" height=\"150\" src=\"https:\/\/mosaik-holzendorf.de\/wp-content\/uploads\/2026\/03\/Neujahresturnier-2-1-150x150.jpg\" class=\"attachment-thumbnail size-thumbnail\" alt=\"\" srcset=\"https:\/\/mosaik-holzendorf.de\/wp-content\/uploads\/2026\/03\/Neujahresturnier-2-1-66x66.jpg 66w, https:\/\/mosaik-holzendorf.de\/wp-content\/uploads\/2026\/03\/Neujahresturnier-2-1-150x150.jpg 150w\" sizes=\"(max-width: 150px) 100vw, 150px\" \/><\/a>\n\t\t\t<\/dt><\/dl><dl class='gallery-item'>\n\t\t\t<dt class='gallery-icon landscape'>\n\t\t\t\t<a data-rel=\"iLightbox[postimages]\" data-title=\"Neujahresturnier (8)\" data-caption=\"\" href='https:\/\/mosaik-holzendorf.de\/neujahresturnier-8\/'><img decoding=\"async\" width=\"150\" height=\"150\" src=\"https:\/\/mosaik-holzendorf.de\/wp-content\/uploads\/2026\/03\/Neujahresturnier-8-150x150.jpg\" class=\"attachment-thumbnail size-thumbnail\" alt=\"\" srcset=\"https:\/\/mosaik-holzendorf.de\/wp-content\/uploads\/2026\/03\/Neujahresturnier-8-66x66.jpg 66w, https:\/\/mosaik-holzendorf.de\/wp-content\/uploads\/2026\/03\/Neujahresturnier-8-150x150.jpg 150w\" sizes=\"(max-width: 150px) 100vw, 150px\" \/><\/a>\n\t\t\t<\/dt><\/dl><br style=\"clear: both\" \/><dl class='gallery-item'>\n\t\t\t<dt class='gallery-icon landscape'>\n\t\t\t\t<a data-rel=\"iLightbox[postimages]\" data-title=\"Neujahresturnier (4)\" data-caption=\"\" href='https:\/\/mosaik-holzendorf.de\/neujahresturnier-4\/'><img decoding=\"async\" width=\"150\" height=\"150\" src=\"https:\/\/mosaik-holzendorf.de\/wp-content\/uploads\/2026\/03\/Neujahresturnier-4-150x150.jpg\" class=\"attachment-thumbnail size-thumbnail\" alt=\"\" srcset=\"https:\/\/mosaik-holzendorf.de\/wp-content\/uploads\/2026\/03\/Neujahresturnier-4-66x66.jpg 66w, https:\/\/mosaik-holzendorf.de\/wp-content\/uploads\/2026\/03\/Neujahresturnier-4-150x150.jpg 150w\" sizes=\"(max-width: 150px) 100vw, 150px\" \/><\/a>\n\t\t\t<\/dt><\/dl><dl class='gallery-item'>\n\t\t\t<dt class='gallery-icon landscape'>\n\t\t\t\t<a data-rel=\"iLightbox[postimages]\" data-title=\"Neujahresturnier (7)\" data-caption=\"\" href='https:\/\/mosaik-holzendorf.de\/neujahresturnier-7\/'><img decoding=\"async\" width=\"150\" height=\"150\" src=\"https:\/\/mosaik-holzendorf.de\/wp-content\/uploads\/2026\/03\/Neujahresturnier-7-150x150.jpg\" class=\"attachment-thumbnail size-thumbnail\" alt=\"\" srcset=\"https:\/\/mosaik-holzendorf.de\/wp-content\/uploads\/2026\/03\/Neujahresturnier-7-66x66.jpg 66w, https:\/\/mosaik-holzendorf.de\/wp-content\/uploads\/2026\/03\/Neujahresturnier-7-150x150.jpg 150w\" sizes=\"(max-width: 150px) 100vw, 150px\" \/><\/a>\n\t\t\t<\/dt><\/dl><dl class='gallery-item'>\n\t\t\t<dt class='gallery-icon landscape'>\n\t\t\t\t<a data-rel=\"iLightbox[postimages]\" data-title=\"Neujahresturnier (3)\" data-caption=\"\" href='https:\/\/mosaik-holzendorf.de\/neujahresturnier-3\/'><img decoding=\"async\" width=\"150\" height=\"150\" src=\"https:\/\/mosaik-holzendorf.de\/wp-content\/uploads\/2026\/03\/Neujahresturnier-3-150x150.jpg\" class=\"attachment-thumbnail size-thumbnail\" alt=\"\" srcset=\"https:\/\/mosaik-holzendorf.de\/wp-content\/uploads\/2026\/03\/Neujahresturnier-3-66x66.jpg 66w, https:\/\/mosaik-holzendorf.de\/wp-content\/uploads\/2026\/03\/Neujahresturnier-3-150x150.jpg 150w\" sizes=\"(max-width: 150px) 100vw, 150px\" \/><\/a>\n\t\t\t<\/dt><\/dl><br style=\"clear: both\" \/><dl class='gallery-item'>\n\t\t\t<dt class='gallery-icon landscape'>\n\t\t\t\t<a data-rel=\"iLightbox[postimages]\" data-title=\"Neujahresturnier (2)\" data-caption=\"\" href='https:\/\/mosaik-holzendorf.de\/neujahresturnier-2\/'><img decoding=\"async\" width=\"150\" height=\"150\" src=\"https:\/\/mosaik-holzendorf.de\/wp-content\/uploads\/2026\/03\/Neujahresturnier-2-150x150.jpg\" class=\"attachment-thumbnail size-thumbnail\" alt=\"\" srcset=\"https:\/\/mosaik-holzendorf.de\/wp-content\/uploads\/2026\/03\/Neujahresturnier-2-66x66.jpg 66w, https:\/\/mosaik-holzendorf.de\/wp-content\/uploads\/2026\/03\/Neujahresturnier-2-150x150.jpg 150w\" sizes=\"(max-width: 150px) 100vw, 150px\" \/><\/a>\n\t\t\t<\/dt><\/dl>\n\t\t\t<br style='clear: both' \/>\n\t\t<\/div>\n\n","protected":false},"excerpt":{"rendered":"<p>Zum Start ins neue Jahr richtete die MOSAIK-Schule ein Neujahrsturnier aus. Zu Gast war die Grundschule Pappelhain, deren Sch\u00fclerinnen und Sch\u00fcler gemeinsam mit den Teams der MOSAIK-Schule in der Turnhalle gegeneinander antraten. Gespielt wurde ausschlie\u00dflich Zweifelderball, was f\u00fcr einen klar strukturierten und fairen Wettkampf sorgte.Beide Schulen hatten sich wochenlang auf das Turnier vorbereitet. Dies zeigte sich in spannenden Spielen, bei denen die Teams gro\u00dfen Einsatz, schnelle Reaktionen und gutes Zusammenspiel bewiesen. Fairness und gegenseitiger Respekt standen w\u00e4hrend des gesamten Turniers im Vordergrund. F\u00fcr zus\u00e4tzliche Motivation sorgten die Zuschauerinnen und Zuschauer, die ihre Teams lautstark und mit selbst gestalteten Plakaten anfeuerten. Die <a href=\"https:\/\/mosaik-holzendorf.de\/index.php\/neujahrsturnier-der-mosaik-schule\/\"> [&#8230;]<\/a><\/p>\n","protected":false},"author":5,"featured_media":0,"parent":0,"menu_order":0,"comment_status":"closed","ping_status":"closed","template":"","meta":{"footnotes":""},"class_list":["post-4152","page","type-page","status-publish","hentry"],"_links":{"self":[{"href":"https:\/\/mosaik-holzendorf.de\/index.php\/wp-json\/wp\/v2\/pages\/4152","targetHints":{"allow":["GET"]}}],"collection":[{"href":"https:\/\/mosaik-holzendorf.de\/index.php\/wp-json\/wp\/v2\/pages"}],"about":[{"href":"https:\/\/mosaik-holzendorf.de\/index.php\/wp-json\/wp\/v2\/types\/page"}],"author":[{"embeddable":true,"href":"https:\/\/mosaik-holzendorf.de\/index.php\/wp-json\/wp\/v2\/users\/5"}],"replies":[{"embeddable":true,"href":"https:\/\/mosaik-holzendorf.de\/index.php\/wp-json\/wp\/v2\/comments?post=4152"}],"version-history":[{"count":1,"href":"https:\/\/mosaik-holzendorf.de\/index.php\/wp-json\/wp\/v2\/pages\/4152\/revisions"}],"predecessor-version":[{"id":4154,"href":"https:\/\/mosaik-holzendorf.de\/index.php\/wp-json\/wp\/v2\/pages\/4152\/revisions\/4154"}],"wp:attachment":[{"href":"https:\/\/mosaik-holzendorf.de\/index.php\/wp-json\/wp\/v2\/media?parent=4152"}],"curies":[{"name":"wp","href":"https:\/\/api.w.org\/{rel}","templated":true}]}}